4. Let u be (p/(-4) - 0) + (-56)/(-224). Is (-3508)/(-16)*u/2 composite?
False
Let t = -87 - -92. Suppose t*i - 12 = -4*j - 5, 5*i = -2*j + 11. Suppose i*l - 686 = 175. Is l composite?
True
Suppose 7*y - 14 = 3*u + 3*y, -2*u = 5*y - 29. Let o(g) = -6*g**3 + 4*g**2 + 15*g**u + 8*g - 9 + 3*g**3 + 2*g**3. Is o(16) prime?
True
Suppose 3*b = -2*i + 8, -20*i + 18*i + 5*b + 40 = 0. Is 138579/15 + 4/i a composite number?
False
Is (-78683)/(-2) + (-24 - (-1410)/60) a prime number?
True
Let v = -23217 - -85666. Is v a composite number?
True
Let s = -148 - -101. Let x = -41 - s. Suppose -5*g = -25, -5*b + 1095 = -x*g + 2*g. Is b a composite number?
False
Suppose 14*q = 100*q - 8*q - 44235438. Is q composite?
False
Suppose 3 = 3*n - 3*v, -3*v = n - 5*n - 1. Suppose -29*c - 63660 = -19986. Is c/n*14/21 a composite number?
False
Let f be -2*(-6 - (-88)/16). Let c(n) = 11236*n + 10. Is c(f) a prime number?
False
Let w be (-5)/(-4) - 2 - (-37864)/(-32). Let x = 5453 - w. Is x a composite number?
False
Let v be (8/(-20))/((-5)/25). Suppose -l = 4*b + 14, -l + b = -3 + v. Let k(r) = 202*r**2 - 4*r - 1. Is k(l) a composite number?
True
Let j(r) = -160*r**3 + 29*r**2 + 2*r + 3. Is j(-4) composite?
True
Let d = 76880 - -1691301. Is d prime?
True
Let g = -2 + 28. Let b be g/(1/((-538)/(-4))). Let u = 5883 - b. Is u composite?
True
Let l(v) = 5*v**3 - 4*v**2 - 15*v + 34. Let j be l(11). Let a = -1623 + j. Is a a prime number?
False
Let b be (1 + -3)/((-6)/(-2976)). Let y be (-4)/(16/(-6))*b. Let a = -151 - y. Is a prime?
False
Let d = 139518 - 92117. Is d a prime number?
False
Let l(b) = -b**3 - 30*b**2 - 114*b - 127. Is l(-32) composite?
False
Let n(t) = 1175*t + 13. Let a be n(2). Suppose 9421 = 8*v - a. Is v a prime number?
False
Let y = -74 - -24. Let f = y + 54. Suppose -124 = -8*m + f*m. Is m prime?
True
Let b(z) = 2*z**2 + 3*z + 30983. Is b(0) composite?
False
Suppose 531*h = 573*h - 1110858. Is h a prime number?
True
Suppose -3*i + 5*h = 79356, 2*h - 79365 = 14*i - 11*i. Let u = 39296 + i. Is u prime?
False
Let c(l) = -146*l + 35461. Is c(0) composite?
False
Let v(i) = 20*i + 2 - 9 - 3. Let u be v(-18). Let k = u - -639. Is k composite?
False
Let l(q) = -9*q + 20. Let b(j) = -25*j + 60. Let i(n) = -3*b(n) + 8*l(n). Is i(14) a composite number?
True
Let t = -35 + 22. Is (-87844)/(-16)*(-52)/t prime?
True
Let q(u) = 13*u**2 + 23*u + 33. Let j(c) = 7*c**2 + 11*c + 17. Let l(i) = 5*j(i) - 2*q(i). Suppose 17 + 87 = 13*y. Is l(y) prime?
False
Let x(c) = 8*c**3 - 74*c**2 - 55*c + 158. Is x(35) a composite number?
False
Let k(s) = -7*s + 57. Let j be k(6). Let u be 18/(-45) + 139986/j. Suppose y - 5*y + u = 0. Is y a composite number?
False
Let c(m) = -47*m - 67. Let i be c(15). Let k = i - -1593. Is k prime?
True
Suppose 26 = -3*d - 34. Let r(q) = q**3 + 19*q**2 - 18*q + 28. Let g be r(d). Is (g/(-8))/((-6)/(-172)) a prime number?
True
Let h be 0 + (5 - (-3 + 4)). Let s be -158 - h*(-3)/(-6) - 2. Let j = -109 - s. Is j a prime number?
True
Suppose -16 = -13*m + 9*m. Suppose -3*v + 7954 = m*o - 8*v, -5*v = -5*o + 9940. Suppose 27*k - o = 21*k. Is k a composite number?
False
Let o(r) = 728*r + 97. Is o(17) composite?
False
Suppose -3*h = 4*f + 2, f + 1 = -5*h + 9. Suppose -h*k = -7*k + 12895. Is k composite?
False
Is ((-13763970)/(-135) + -16)*3/2 composite?
False
Let a(q) = 0*q**2 - 63*q - 6*q**2 + 59*q + 4 - 96*q**3. Is a(-3) prime?
False
Let g(b) = -17*b + 21 - 11*b**3 + 5*b + 17*b**2 + 10*b**3 - 13*b. Let u be g(14). Let q = -146 + u. Is q a composite number?
False
Let k be (8/(-6))/((-14)/21). Suppose -3*f + 5*z = -13748, k*f + 11*z - 15*z - 9164 = 0. Is f a prime number?
False
Let w(u) be the third derivative of 613*u**6/120 + 27*u**2. Suppose 0 = 3*h - b, 4*b - 6 = 2*b. Is w(h) a composite number?
False
Let w(g) = -g**2 + 14*g - 9. Let d be w(13). Suppose 11*z - d*z - 21 = 0. Suppose z*o - 6*o = -3081. Is o composite?
True
Suppose 1023387 = 3*o + 3*t, 95*t = -4*o + 98*t + 1364474. Is o composite?
False
Let p = -15215 - -37516. Is p composite?
True
Let y(a) = -2*a**3 - 12*a**2 + 2*a + 12. Let b be y(-6). Suppose -2*p + 4*q + 842 = 0, b*p - 5*p + 5*q = -2130. Let g = p + -112. Is g a prime number?
False
Let r = -179557 + 296658. Is r a composite number?
False
Let h(v) = 10 - 16*v - 12*v**2 + 3 + 3*v**3 - 14*v. Is h(12) a composite number?
False
Let f(t) = -1176*t**3 + 7*t - 8. Let v be f(-4). Suppose 0 = -12*j + v - 13392. Is j composite?
False
Let s = 10 + -22. Let m be (-4870)/4*s/15. Suppose m = 6*c - 4*c. Is c a prime number?
True
Let a be 104/6 + 0 + (-24)/(-36). Suppose -5*f - 3 + a = 0. Suppose 3*w - f*h - 5460 = 0, 5*h - 1823 = -w + 3*h. Is w prime?
False
Let z(s) be the first derivative of 5*s**3/3 + 7*s**2/2 - 23*s - 2. Let q be -3 - 246/(-22) - (-18)/(-99). Is z(q) a prime number?
True
Let p = 1200527 + -707110. Is p a composite number?
True
Let c(i) = -6584*i + 2651. Is c(-67) a prime number?
False
Let f = -1866980 + 3050275. Is f composite?
True
Suppose 13*b = 102*b - 1360350 - 2336621. Is b a prime number?
True
Let g = -4110 + 13037. Is g a composite number?
True
Let a(g) = -18 - 7*g**2 - 6*g**3 - 10*g + 38 - 30. Let z be a(-7). Suppose 0 = 5*f + 250 - z. Is f a prime number?
False
Let p = -5905 - -10095. Let r = 1167 + p. Is r prime?
False
Suppose 4*s + 3*d - 2*d = -123, 4*d = 4*s + 148. Let b = s + 161. Is b prime?
False
Let o = -641 - -2360. Suppose o = 35*n - 26*n. Is n a composite number?
False
Suppose 0 = 61*d - 2993657 - 4924814. Is d prime?
False
Is (13 - 504/39) + 452932/13 prime?
True
Let u be 140/56*(8*5)/1. Suppose -98*o - 6378 = -u*o. Is o a composite number?
True
Let q(o) = 10*o**2 + 26*o - 5. Let t = -15 + 6. Is q(t) a prime number?
True
Let c(b) = 6081*b**2 - 44*b - 213. Is c(-8) prime?
False
Let c = -250 - -252. Suppose 674 = -c*p + 15412. Is p prime?
True
Is 130/(-30)*157*(-2 + -1) a composite number?
True
Let o = -60253 - -107912. Is o a composite number?
False
Let q = -231035 - -668254. Is q a composite number?
False
Let i = -279175 - -627906. Is i a prime number?
True
Suppose 0 = 69*c - 764389 - 5619422. Is c composite?
True
Let u = -576187 - -813764. Is u a composite number?
True
Let v(j) = 9085*j + 3101. Is v(12) a composite number?
False
Let c = 554 + -547. Suppose 8*k - 46807 = c*k. Is k a composite number?
False
Suppose 19*y - 72131 = 828811. Suppose -3*v = -9*v + y. Is v a composite number?
True
Is 542583/21 + 70/(-245) composite?
True
Let k(x) = -75*x**2 - 2*x + 4. Let t(r) = 151*r**2 + 5*r - 9. Let s(c) = -5*k(c) - 2*t(c). Let g be s(3). Suppose g = w + 4*w. Is w prime?
True
Suppose q = 2947 + 719. Let r = q - 1034. Let o = r - 1583. Is o prime?
True
Let j(g) = 4069*g + 52 + 57 + 24 - 27. Is j(13) composite?
False
Let p(y) = y**3 - 9*y**2 + y - 13. Let h be p(9). Let f(q) be the second derivative of 25*q**4/2 - q**3/6 - q**2 + 106*q. Is f(h) a composite number?
True
Let j be -2 + 0 - (12 + -4976). Let v = j + 3339. Suppose v = 3*x - 0*x. Is x a prime number?
True
Let h = -530678 - -813837. Is h prime?
True
Let n(o) = 12*o - 9. Let t be n(-13). Let m = t + 67. Is (-46984)/m - 6/14 prime?
True
Let k be (-133)/3 + -4 + (-80)/(-24). Let y be (-5)/k*3*0. Suppose y = -2*r + 1208 - 370. Is r a prime number?
True
Let r(l) = 31*l**2 + 5*l - 15. Let a be r(3). Is a/(-63) - (-3)/7 - -3765 composite?
False
Let p(f) = 77*f**3 + 5*f**2 + 4*f + 15. Let q be p(9). Is (-3 + 5)*q/6 composite?
True
Suppose o = -4*v + 2727, 2*v + 4 + 4 = 0. Let x = o + -5178. Let f = x + 3636. Is f a prime number?
True
Is (87 - 91)*(-2)/((-8)/(-90947)) a prime number?
True
Let q = -3297 - -9216. Suppose 59*h - q = 56*h. Is h a composite number?
False
Suppose -4*r - 24*u + 22*u = -158836, -2*u = -8. Is r prime?
False
Let v = 524800 - 299507. Is v a composite number?
True
Let m(c) be the second derivative of 0 + c**3 - 2/3*c**4 + 11/2*c**2 + 1/20*c**5 + 34*c. Is m(8) a prime number?
True
Is -94 - -323093 - (4/(-18) + (-40)/(-18)) composite?
False
Suppose -10*h - 6792 + 1472 = 0. Let f = 306 + h. Let t = 39 - f. Is t a prime number?
False
Suppose u + 13 = 1. Let c = u - -56. Suppose 0*p + p - c = -4*w, -2*p = -w + 2. Is w a prime number?
False
Let b = -7830 - -23431. Is b composite?
False
Let d = -3048 - -12214. Is d a prime number?
False
Suppose -3*m - 